{"id":1379,"date":"2025-02-21T15:49:52","date_gmt":"2025-02-21T14:49:52","guid":{"rendered":"https:\/\/www.bizartrit.com\/fr\/?page_id=1379"},"modified":"2026-03-23T16:02:10","modified_gmt":"2026-03-23T15:02:10","slug":"news","status":"publish","type":"page","link":"https:\/\/www.bizartrit.com\/fr\/news\/","title":{"rendered":"News"},"content":{"rendered":"\t\t<div data-elementor-type=\"wp-page\" data-elementor-id=\"1379\" class=\"elementor elementor-1379\" data-elementor-post-type=\"page\">\n\t\t\t\t<div class=\"elementor-element elementor-element-d692ccb e-flex e-con-boxed wpr-particle-no wpr-jarallax-no wpr-parallax-no wpr-sticky-section-no wpr-equal-height-no e-con e-parent\" data-id=\"d692ccb\" data-element_type=\"container\" data-e-type=\"container\">\n\t\t\t\t\t<div class=\"e-con-inner\">\n\t\t<div class=\"elementor-element elementor-element-4f6a135 e-con-full e-flex wpr-particle-no wpr-jarallax-no wpr-parallax-no wpr-sticky-section-no wpr-equal-height-no e-con e-child\" data-id=\"4f6a135\" data-element_type=\"container\" data-e-type=\"container\" data-settings=\"{&quot;background_background&quot;:&quot;gradient&quot;}\">\n\t\t\t\t<div class=\"elementor-element elementor-element-c58db67 elementor-widget elementor-widget-heading\" data-id=\"c58db67\" data-element_type=\"widget\" data-e-type=\"widget\" data-widget_type=\"heading.default\">\n\t\t\t\t<div class=\"elementor-widget-container\">\n\t\t\t\t\t<h1 class=\"elementor-heading-title elementor-size-default\">Les News de la Biz'ART'Rit<\/h1>\t\t\t\t<\/div>\n\t\t\t\t<\/div>\n\t\t\t\t<div class=\"elementor-element elementor-element-1bdd2d9 elementor-widget elementor-widget-text-editor\" data-id=\"1bdd2d9\" data-element_type=\"widget\" data-e-type=\"widget\" data-widget_type=\"text-editor.default\">\n\t\t\t\t<div class=\"elementor-widget-container\">\n\t\t\t\t\t\t\t\t\t<p>Retrouvez ici nos toutes derni\u00e8res actualit\u00e9s, mais pas que !\u00a0<\/p><p><strong>Au menu : ateliers, stages, projets, expos&#8230;. mais aussi des archives.<\/strong><\/p><p>Plongez dans l&rsquo;histoire de la Biz&rsquo;ART&rsquo;Rit au travers de l&rsquo;ensemble de nos publications, des plus r\u00e9centes, aux toutes premi\u00e8res, pr\u00e9mices de notre engagement \u00e0 pr\u00f4ner l&rsquo;Art avec vous !<\/p>\t\t\t\t\t\t\t\t<\/div>\n\t\t\t\t<\/div>\n\t\t\t\t<\/div>\n\t\t\t\t<div class=\"elementor-element elementor-element-6adcbd0 elementor-widget elementor-widget-eael-post-timeline\" data-id=\"6adcbd0\" data-element_type=\"widget\" data-e-type=\"widget\" data-widget_type=\"eael-post-timeline.default\">\n\t\t\t\t<div class=\"elementor-widget-container\">\n\t\t\t\t\t<div id=\"eael-post-timeline-6adcbd0\" class=\"eael-post-timeline timeline-layout-card eael-post-timeline-arrow-middle\">\n            <div class=\"eael-post-timeline eael-post-appender eael-post-appender-6adcbd0\"><article class=\"eael-timeline-post\">\n    <div class=\"eael-timeline-bullet\"><\/div>\n    <div class=\"eael-timeline-post-inner\">\n        <a class=\"eael-timeline-post-link\" href=\"https:\/\/www.bizartrit.com\/fr\/stage-dorure-vegetale\/\" title=\"Stage Dorure V\u00e9g\u00e9tale\">\n            <time datetime=\"2 avril 2026\">2 avril 2026<\/time>\n            <div class=\"eael-timeline-post-image\" style=\"background-image: url(https:\/\/www.bizartrit.com\/fr\/wp-content\/uploads\/2026\/04\/stage-dorure-sophie_header-300x200.jpg)\"><\/div><div class=\"eael-timeline-content\"><div class=\"eael-timeline-post-title\">\n\t\t                    <h2 class=\"eael-timeline-post-title-text\">Stage Dorure V\u00e9g\u00e9tale<\/h2>\n\t\t                <\/div><div class=\"eael-timeline-post-excerpt\"><p>Pour celles et ceux qui ont envie de s&rsquo;initier \u00e0 la dorure sur v\u00e9g\u00e9taux La Biz&#039;Art&#039;rit invite Sophie Blanc, artiste doreuse botaniste. Cet atelier propose une initiation \u00e0 la dorure sur v\u00e9g\u00e9taux. Les participant.e.s travailleront \u00e0 partir de feuilles, graines...<\/p><\/div><\/div><\/a>\n    <\/div>\n    <div class=\"eael-timeline-clear\"><\/div>\n<\/article><article class=\"eael-timeline-post\">\n    <div class=\"eael-timeline-bullet\"><\/div>\n    <div class=\"eael-timeline-post-inner\">\n        <a class=\"eael-timeline-post-link\" href=\"https:\/\/www.bizartrit.com\/fr\/au-coeur-des-mondes\/\" title=\"Au c\u0153ur des mondes\">\n            <time datetime=\"2 avril 2026\">2 avril 2026<\/time>\n            <div class=\"eael-timeline-post-image\" style=\"background-image: url(https:\/\/www.bizartrit.com\/fr\/wp-content\/uploads\/2026\/04\/au-coeur-des-mondes_header-300x200.jpg)\"><\/div><div class=\"eael-timeline-content\"><div class=\"eael-timeline-post-title\">\n\t\t                    <h2 class=\"eael-timeline-post-title-text\">Au c\u0153ur des mondes<\/h2>\n\t\t                <\/div><div class=\"eael-timeline-post-excerpt\"><p>Bonjour \u00e0 toutes et \u00e0 tous ! Rendez-vous le vendredi 17 Avril 2026 \u00e0 18H30 pour le vernissage de la nouvelle exposition de la Biz&rsquo;Art&rsquo;Rit : \u00ab Au c\u0153ur des Mondes \u00bb de Sophie Blanc. L&rsquo;exposition ouvre ses portes du...<\/p><\/div><\/div><\/a>\n    <\/div>\n    <div class=\"eael-timeline-clear\"><\/div>\n<\/article><article class=\"eael-timeline-post\">\n    <div class=\"eael-timeline-bullet\"><\/div>\n    <div class=\"eael-timeline-post-inner\">\n        <a class=\"eael-timeline-post-link\" href=\"https:\/\/www.bizartrit.com\/fr\/a-la-belge-une-foix\/\" title=\"A la Belge une Foix\">\n            <time datetime=\"14 mars 2026\">14 mars 2026<\/time>\n            <div class=\"eael-timeline-post-image\" style=\"background-image: url(https:\/\/www.bizartrit.com\/fr\/wp-content\/uploads\/2026\/02\/header-gros-coeur-300x200.jpg)\"><\/div><div class=\"eael-timeline-content\"><div class=\"eael-timeline-post-title\">\n\t\t                    <h2 class=\"eael-timeline-post-title-text\">A la Belge une Foix<\/h2>\n\t\t                <\/div><div class=\"eael-timeline-post-excerpt\"><p>La Biz&rsquo;Art&rsquo;Rit &amp; Art&rsquo;Cade vous donnent rendez-vous le Samedi 14 Mars 2026 \u00e0 la salle Isabelle Sandy \u00e0 Foix Le projet \u00ab A la Belge une Foix \u00bb est n\u00e9 d&rsquo;une rencontre estivale entre Amaury Haegeman (responsable du projet JJR),...<\/p><\/div><\/div><\/a>\n    <\/div>\n    <div class=\"eael-timeline-clear\"><\/div>\n<\/article><article class=\"eael-timeline-post\">\n    <div class=\"eael-timeline-bullet\"><\/div>\n    <div class=\"eael-timeline-post-inner\">\n        <a class=\"eael-timeline-post-link\" href=\"https:\/\/www.bizartrit.com\/fr\/stage-decouverte-et-initiation-arduino\/\" title=\"Stage D\u00e9couverte et Initiation Arduino\">\n            <time datetime=\"7 mars 2026\">7 mars 2026<\/time>\n            <div class=\"eael-timeline-post-image\" style=\"background-image: url(https:\/\/www.bizartrit.com\/fr\/wp-content\/uploads\/2026\/01\/arduino_entete-300x200.jpg)\"><\/div><div class=\"eael-timeline-content\"><div class=\"eael-timeline-post-title\">\n\t\t                    <h2 class=\"eael-timeline-post-title-text\">Stage D\u00e9couverte et Initiation Arduino<\/h2>\n\t\t                <\/div><div class=\"eael-timeline-post-excerpt\"><p>Envie de faire une installation interactive avec des objets du quotidien ? La Biz&#039;Art&#039;rit Invite Didier Pr\u00e9audat, sc\u00e9nographe plasticien, pour un stage d&#039;initiation au microcontr\u00f4leur Arduino. 4 rue Pyr\u00e8ne 09000 Foix Pour celles et ceux qui ont envie de m\u00ealer...<\/p><\/div><\/div><\/a>\n    <\/div>\n    <div class=\"eael-timeline-clear\"><\/div>\n<\/article><article class=\"eael-timeline-post\">\n    <div class=\"eael-timeline-bullet\"><\/div>\n    <div class=\"eael-timeline-post-inner\">\n        <a class=\"eael-timeline-post-link\" href=\"https:\/\/www.bizartrit.com\/fr\/ecorce-vif\/\" title=\"Ecorc\u00e9-vif\">\n            <time datetime=\"20 f\u00e9vrier 2026\">20 f\u00e9vrier 2026<\/time>\n            <div class=\"eael-timeline-post-image\" style=\"background-image: url(https:\/\/www.bizartrit.com\/fr\/wp-content\/uploads\/2026\/01\/ecorce-vif_1080x720-300x200.jpg)\"><\/div><div class=\"eael-timeline-content\"><div class=\"eael-timeline-post-title\">\n\t\t                    <h2 class=\"eael-timeline-post-title-text\">Ecorc\u00e9-vif<\/h2>\n\t\t                <\/div><div class=\"eael-timeline-post-excerpt\"><p>La mati\u00e8re devient sculpture ou Installations projetant mes doutes, mes questionnements \u00e0 l\u2019aune du milieu dans lequel j\u2019\u00e9volue. Mes sculptures sont comme des t\u00e9moignages de mes incursions aupr\u00e8s du sauvage. Des objets permettant de faciliter ces allers et retours entre...<\/p><\/div><\/div><\/a>\n    <\/div>\n    <div class=\"eael-timeline-clear\"><\/div>\n<\/article><\/div>\n\t\t<\/div>            <div class=\"eael-load-more-button-wrap eael-infinity-scroll\" data-offset=\"-200\">\n                <button class=\"eael-load-more-button\" id=\"eael-load-more-btn-6adcbd0\" data-widget-id=\"6adcbd0\" data-widget=\"6adcbd0\" data-page-id=\"1379\" data-template=\"{&quot;dir&quot;:&quot;lite&quot;,&quot;file_name&quot;:&quot;card.php&quot;,&quot;name&quot;:&quot;Post-Timeline&quot;}\" data-class=\"Essential_Addons_Elementor\\Elements\\Post_Timeline\" data-layout=\"\" data-page=\"1\" data-args=\"orderby=date&amp;order=desc&amp;ignore_sticky_posts=1&amp;post_status=publish&amp;posts_per_page=5&amp;offset=0&amp;post_type=post\" data-max-page=\"19\">\n                    <span class=\"eael-btn-loader button__loader\"><\/span>\n                    <span class=\"eael_load_more_text\"><\/span>\n                <\/button>\n            <\/div>\n            \t\t\t\t<\/div>\n\t\t\t\t<\/div>\n\t\t\t\t\t<\/div>\n\t\t\t\t<\/div>\n\t\t\t\t<\/div>\n\t\t","protected":false},"excerpt":{"rendered":"<p>Les News de la Biz&rsquo;ART&rsquo;Rit Retrouvez ici nos toutes derni\u00e8res actualit\u00e9s, mais pas que !\u00a0 Au menu : ateliers, stages, projets, expos&#8230;. mais aussi des archives. Plongez dans l&rsquo;histoire de la Biz&rsquo;ART&rsquo;Rit au travers de l&rsquo;ensemble de nos publications, des plus r\u00e9centes, aux toutes premi\u00e8res, pr\u00e9mices de notre engagement \u00e0 pr\u00f4ner l&rsquo;Art avec vous ! 14 f\u00e9vrier 2026 A la Belge une Foix La Biz&rsquo;Art&rsquo;Rit &amp; Art&rsquo;Cade vous donnent rendez-vous le Samedi 14 Mars 2026 \u00e0 la salle Isabelle Sandy \u00e0 Foix Le projet \u00ab A la Belge une Foix \u00bb est n\u00e9 d&rsquo;une rencontre estivale entre Amaury Haegeman (responsable du projet JJR),&#8230; 20 janvier 2026 Ecorc\u00e9-vif La mati\u00e8re devient sculpture ou Installations projetant mes doutes, mes questionnements \u00e0 l\u2019aune du milieu dans lequel j\u2019\u00e9volue. Mes sculptures sont comme des t\u00e9moignages de mes incursions aupr\u00e8s du sauvage. Des objets permettant de faciliter ces allers et retours entre&#8230; 4 d\u00e9cembre 2025 Stage D\u00e9couverte et Initiation Arduino Envie de faire une installation interactive avec des objets du quotidien ? La Biz&#039;Art&#039;rit Invite Didier Pr\u00e9audat, sc\u00e9nographe plasticien, pour un stage d&#039;initiation au microcontr\u00f4leur Arduino. 4 rue Pyr\u00e8ne 09000 Foix Pour celles et ceux qui ont envie de m\u00ealer&#8230; 3 d\u00e9cembre 2025 Intervention de la Biz&rsquo; \u00e0 la PJJ David Lachavanne, artiste plasticien et membre fondateur de l&rsquo;association, ainsi que David Rivas, artisan photographe,\u00a0 \u0153uvrent actuellement aupr\u00e8s de jeunes de la PJJ de Foix. Lors de ces ateliers, il s&rsquo;agit de cr\u00e9er des masques en \u00e9corce, puis de les&#8230; 2 d\u00e9cembre 2025 Stage fabrication \u00ab KIMCHI \u00bb Janvier 2026 Venez d\u00e9couvrir la fabrication du Kimchi avec Fred ! 4 rue Pyr\u00e8ne 09000 Foix Voici ce que vous d\u00e9couvrirez au cours du stage : la recette traditionnelle cor\u00e9enne, que nous pratiquerons ensemble ! les qualit\u00e9s sant\u00e9 et gustatives du kimchi&#8230;<\/p>\n","protected":false},"author":8,"featured_media":0,"parent":0,"menu_order":0,"comment_status":"closed","ping_status":"closed","template":"","meta":{"_acf_changed":false,"footnotes":""},"class_list":["post-1379","page","type-page","status-publish","hentry"],"acf":[],"aioseo_notices":[],"_links":{"self":[{"href":"https:\/\/www.bizartrit.com\/fr\/wp-json\/wp\/v2\/pages\/1379","targetHints":{"allow":["GET"]}}],"collection":[{"href":"https:\/\/www.bizartrit.com\/fr\/wp-json\/wp\/v2\/pages"}],"about":[{"href":"https:\/\/www.bizartrit.com\/fr\/wp-json\/wp\/v2\/types\/page"}],"author":[{"embeddable":true,"href":"https:\/\/www.bizartrit.com\/fr\/wp-json\/wp\/v2\/users\/8"}],"replies":[{"embeddable":true,"href":"https:\/\/www.bizartrit.com\/fr\/wp-json\/wp\/v2\/comments?post=1379"}],"version-history":[{"count":13,"href":"https:\/\/www.bizartrit.com\/fr\/wp-json\/wp\/v2\/pages\/1379\/revisions"}],"predecessor-version":[{"id":3413,"href":"https:\/\/www.bizartrit.com\/fr\/wp-json\/wp\/v2\/pages\/1379\/revisions\/3413"}],"wp:attachment":[{"href":"https:\/\/www.bizartrit.com\/fr\/wp-json\/wp\/v2\/media?parent=1379"}],"curies":[{"name":"wp","href":"https:\/\/api.w.org\/{rel}","templated":true}]}}

<div data-elementor-type="wp-page" data-elementor-id="1379" class="elementor elementor-1379" data-elementor-post-type="page">
				<div class="elementor-element elementor-element-d692ccb e-flex e-con-boxed wpr-particle-no wpr-jarallax-no wpr-parallax-no wpr-sticky-section-no wpr-equal-height-no e-con e-parent" data-id="d692ccb" data-element_type="container" data-e-type="container">
					<div class="e-con-inner">
		<div class="elementor-element elementor-element-4f6a135 e-con-full e-flex wpr-particle-no wpr-jarallax-no wpr-parallax-no wpr-sticky-section-no wpr-equal-height-no e-con e-child" data-id="4f6a135" data-element_type="container" data-e-type="container" data-settings="{&quot;background_background&quot;:&quot;gradient&quot;}">
				<div class="elementor-element elementor-element-c58db67 elementor-widget elementor-widget-heading" data-id="c58db67" data-element_type="widget" data-e-type="widget" data-widget_type="heading.default">
				<div class="elementor-widget-container">
					<h1 class="elementor-heading-title elementor-size-default">Les News de la Biz'ART'Rit</h1>				</div>
				</div>
				<div class="elementor-element elementor-element-1bdd2d9 elementor-widget elementor-widget-text-editor" data-id="1bdd2d9" data-element_type="widget" data-e-type="widget" data-widget_type="text-editor.default">
				<div class="elementor-widget-container">
									<p>Retrouvez ici nos toutes dernières actualités, mais pas que ! </p><p><strong>Au menu : ateliers, stages, projets, expos&#8230;. mais aussi des archives.</strong></p><p>Plongez dans l&rsquo;histoire de la Biz&rsquo;ART&rsquo;Rit au travers de l&rsquo;ensemble de nos publications, des plus récentes, aux toutes premières, prémices de notre engagement à prôner l&rsquo;Art avec vous !</p>								</div>
				</div>
				</div>
				<div class="elementor-element elementor-element-6adcbd0 elementor-widget elementor-widget-eael-post-timeline" data-id="6adcbd0" data-element_type="widget" data-e-type="widget" data-widget_type="eael-post-timeline.default">
				<div class="elementor-widget-container">
					<div id="eael-post-timeline-6adcbd0" class="eael-post-timeline timeline-layout-card eael-post-timeline-arrow-middle">
            <div class="eael-post-timeline eael-post-appender eael-post-appender-6adcbd0"><article class="eael-timeline-post">
    <div class="eael-timeline-bullet"></div>
    <div class="eael-timeline-post-inner">
        <a class="eael-timeline-post-link" href="https://www.bizartrit.com/fr/stage-dorure-vegetale/" title="Stage Dorure Végétale">
            <time datetime="2 avril 2026">2 avril 2026</time>
            <div class="eael-timeline-post-image" style="background-image: url(https://www.bizartrit.com/fr/wp-content/uploads/2026/04/stage-dorure-sophie_header-300x200.jpg)"></div><div class="eael-timeline-content"><div class="eael-timeline-post-title">
		                    <h2 class="eael-timeline-post-title-text">Stage Dorure Végétale</h2>
		                </div><div class="eael-timeline-post-excerpt"><p>Pour celles et ceux qui ont envie de s&rsquo;initier à la dorure sur végétaux La Biz&#039;Art&#039;rit invite Sophie Blanc, artiste doreuse botaniste. Cet atelier propose une initiation à la dorure sur végétaux. Les participant.e.s travailleront à partir de feuilles, graines...</p></div></div></a>
    </div>
    <div class="eael-timeline-clear"></div>
</article><article class="eael-timeline-post">
    <div class="eael-timeline-bullet"></div>
    <div class="eael-timeline-post-inner">
        <a class="eael-timeline-post-link" href="https://www.bizartrit.com/fr/au-coeur-des-mondes/" title="Au cœur des mondes">
            <time datetime="2 avril 2026">2 avril 2026</time>
            <div class="eael-timeline-post-image" style="background-image: url(https://www.bizartrit.com/fr/wp-content/uploads/2026/04/au-coeur-des-mondes_header-300x200.jpg)"></div><div class="eael-timeline-content"><div class="eael-timeline-post-title">
		                    <h2 class="eael-timeline-post-title-text">Au cœur des mondes</h2>
		                </div><div class="eael-timeline-post-excerpt"><p>Bonjour à toutes et à tous ! Rendez-vous le vendredi 17 Avril 2026 à 18H30 pour le vernissage de la nouvelle exposition de la Biz&rsquo;Art&rsquo;Rit : « Au cœur des Mondes » de Sophie Blanc. L&rsquo;exposition ouvre ses portes du...</p></div></div></a>
    </div>
    <div class="eael-timeline-clear"></div>
</article><article class="eael-timeline-post">
    <div class="eael-timeline-bullet"></div>
    <div class="eael-timeline-post-inner">
        <a class="eael-timeline-post-link" href="https://www.bizartrit.com/fr/a-la-belge-une-foix/" title="A la Belge une Foix">
            <time datetime="14 mars 2026">14 mars 2026</time>
            <div class="eael-timeline-post-image" style="background-image: url(https://www.bizartrit.com/fr/wp-content/uploads/2026/02/header-gros-coeur-300x200.jpg)"></div><div class="eael-timeline-content"><div class="eael-timeline-post-title">
		                    <h2 class="eael-timeline-post-title-text">A la Belge une Foix</h2>
		                </div><div class="eael-timeline-post-excerpt"><p>La Biz&rsquo;Art&rsquo;Rit &amp; Art&rsquo;Cade vous donnent rendez-vous le Samedi 14 Mars 2026 à la salle Isabelle Sandy à Foix Le projet « A la Belge une Foix » est né d&rsquo;une rencontre estivale entre Amaury Haegeman (responsable du projet JJR),...</p></div></div></a>
    </div>
    <div class="eael-timeline-clear"></div>
</article><article class="eael-timeline-post">
    <div class="eael-timeline-bullet"></div>
    <div class="eael-timeline-post-inner">
        <a class="eael-timeline-post-link" href="https://www.bizartrit.com/fr/stage-decouverte-et-initiation-arduino/" title="Stage Découverte et Initiation Arduino">
            <time datetime="7 mars 2026">7 mars 2026</time>
            <div class="eael-timeline-post-image" style="background-image: url(https://www.bizartrit.com/fr/wp-content/uploads/2026/01/arduino_entete-300x200.jpg)"></div><div class="eael-timeline-content"><div class="eael-timeline-post-title">
		                    <h2 class="eael-timeline-post-title-text">Stage Découverte et Initiation Arduino</h2>
		                </div><div class="eael-timeline-post-excerpt"><p>Envie de faire une installation interactive avec des objets du quotidien ? La Biz&#039;Art&#039;rit Invite Didier Préaudat, scénographe plasticien, pour un stage d&#039;initiation au microcontrôleur Arduino. 4 rue Pyrène 09000 Foix Pour celles et ceux qui ont envie de mêler...</p></div></div></a>
    </div>
    <div class="eael-timeline-clear"></div>
</article><article class="eael-timeline-post">
    <div class="eael-timeline-bullet"></div>
    <div class="eael-timeline-post-inner">
        <a class="eael-timeline-post-link" href="https://www.bizartrit.com/fr/ecorce-vif/" title="Ecorcé-vif">
            <time datetime="20 février 2026">20 février 2026</time>
            <div class="eael-timeline-post-image" style="background-image: url(https://www.bizartrit.com/fr/wp-content/uploads/2026/01/ecorce-vif_1080x720-300x200.jpg)"></div><div class="eael-timeline-content"><div class="eael-timeline-post-title">
		                    <h2 class="eael-timeline-post-title-text">Ecorcé-vif</h2>
		                </div><div class="eael-timeline-post-excerpt"><p>La matière devient sculpture ou Installations projetant mes doutes, mes questionnements à l’aune du milieu dans lequel j’évolue. Mes sculptures sont comme des témoignages de mes incursions auprès du sauvage. Des objets permettant de faciliter ces allers et retours entre...</p></div></div></a>
    </div>
    <div class="eael-timeline-clear"></div>
</article></div>
		</div>            <div class="eael-load-more-button-wrap eael-infinity-scroll" data-offset="-200">
                <button class="eael-load-more-button" id="eael-load-more-btn-6adcbd0" data-widget-id="6adcbd0" data-widget="6adcbd0" data-page-id="1379" data-template="{&quot;dir&quot;:&quot;lite&quot;,&quot;file_name&quot;:&quot;card.php&quot;,&quot;name&quot;:&quot;Post-Timeline&quot;}" data-class="Essential_Addons_Elementor\Elements\Post_Timeline" data-layout="" data-page="1" data-args="orderby=date&amp;order=desc&amp;ignore_sticky_posts=1&amp;post_status=publish&amp;posts_per_page=5&amp;offset=0&amp;post_type=post" data-max-page="19">
                    <span class="eael-btn-loader button__loader"></span>
                    <span class="eael_load_more_text"></span>
                </button>
            </div>
            				</div>
				</div>
					</div>
				</div>
				</div>

<p>Les News de la Biz&rsquo;ART&rsquo;Rit Retrouvez ici nos toutes dernières actualités, mais pas que !  Au menu : ateliers, stages, projets, expos&#8230;. mais aussi des archives. Plongez dans l&rsquo;histoire de la Biz&rsquo;ART&rsquo;Rit au travers de l&rsquo;ensemble de nos publications, des plus récentes, aux toutes premières, prémices de notre engagement à prôner l&rsquo;Art avec vous ! 14 février 2026 A la Belge une Foix La Biz&rsquo;Art&rsquo;Rit &amp; Art&rsquo;Cade vous donnent rendez-vous le Samedi 14 Mars 2026 à la salle Isabelle Sandy à Foix Le projet « A la Belge une Foix » est né d&rsquo;une rencontre estivale entre Amaury Haegeman (responsable du projet JJR),&#8230; 20 janvier 2026 Ecorcé-vif La matière devient sculpture ou Installations projetant mes doutes, mes questionnements à l’aune du milieu dans lequel j’évolue. Mes sculptures sont comme des témoignages de mes incursions auprès du sauvage. Des objets permettant de faciliter ces allers et retours entre&#8230; 4 décembre 2025 Stage Découverte et Initiation Arduino Envie de faire une installation interactive avec des objets du quotidien ? La Biz&#039;Art&#039;rit Invite Didier Préaudat, scénographe plasticien, pour un stage d&#039;initiation au microcontrôleur Arduino. 4 rue Pyrène 09000 Foix Pour celles et ceux qui ont envie de mêler&#8230; 3 décembre 2025 Intervention de la Biz&rsquo; à la PJJ David Lachavanne, artiste plasticien et membre fondateur de l&rsquo;association, ainsi que David Rivas, artisan photographe,  œuvrent actuellement auprès de jeunes de la PJJ de Foix. Lors de ces ateliers, il s&rsquo;agit de créer des masques en écorce, puis de les&#8230; 2 décembre 2025 Stage fabrication « KIMCHI » Janvier 2026 Venez découvrir la fabrication du Kimchi avec Fred ! 4 rue Pyrène 09000 Foix Voici ce que vous découvrirez au cours du stage : la recette traditionnelle coréenne, que nous pratiquerons ensemble ! les qualités santé et gustatives du kimchi&#8230;</p>
